common divisor of n and 190.
38
Let l = -504 + 508. Calculate the highest common factor of 116 and l.
4
Let l(y) = 5*y. Let t be l(3). Let n be 0 - t*(-3 - -1). Let a = 15 + 30. Calculate the greatest common factor of n and a.
15
Let r = -46 - -66. Let m = 27 + -23. Calculate the highest common factor of r and m.
4
Let f be ((-2)/4)/(2 - 231/114). Let k = f + -18. What is the highest common factor of k and 1?
1
Suppose 3*u - 136 = -u. Let k = u + -24. Let r be (40/50)/(603/300 - 2). Calculate the highest common factor of k and r.
10
Let r = 1083 + -1061. What is the greatest common divisor of 1540 and r?
22
Let m be 1/4*2*2. Let r be 2 - 1 - (-17 - -15). Suppose r*x = 16*x - 52. Calculate the greatest common factor of m and x.
1
Suppose -5*q = -6*q + 34. Let t be 1/8 - ((-11396)/(-32))/(-7). What is the highest common divisor of q and t?
17
Let j(z) = -52*z - 75. Let r be j(-5). What is the highest common factor of 481 and r?
37
Suppose -3*i + 32 = 4*s, -6 = -3*s + i + 5. Calculate the greatest common factor of 215 and s.
5
Suppose -3 = -6*a + 39. Calculate the greatest common factor of 1442 and a.
7
Let n be ((-12)/(-14))/(-3 + 704/231). What is the highest common divisor of 15 and n?
3
Suppose 192 = 24*a + 8*a. Calculate the greatest common factor of 282 and a.
6
Suppose 1081 + 827 = 12*g. Calculate the highest common factor of g and 106.
53
Suppose -5*s - 13 = -2*j + 7, 0 = -5*j - 5*s - 20. Suppose -5*v - 3*i + 138 + 80 = j, 4*i = 5*v - 211. Calculate the highest common divisor of 473 and v.
43
Let p = -853 + 943. Calculate the greatest common factor of 522 and p.
18
Let p be 43900/550 - 2/(-11). What is the highest common divisor of 320 and p?
80
Suppose -5*f = -4*d + 445, 0*d + d = -4*f - 335. Let t be (153/f)/((-3)/10). What is the highest common divisor of 10 and t?
2
Suppose -5*f - 9*f + 84 = 0. Calculate the highest common divisor of 102 and f.
6
Let t be (-1)/(2/(-6)*3) + 3. Suppose 100 + 108 = t*o - 2*a, -3*o - a = -146. What is the highest common divisor of o and 50?
50
Let w(b) = -b**3 - 3*b**2 - b. Let r be w(-3). Let u(x) = 4*x**2 + 6*x + 11. Let m be u(-2). What is the highest common divisor of m and r?
3
Suppose -5*h + h + 12 = 0. Suppose -4*y + 322 = h*p + 2*p, 0 = p + 5*y - 56. Calculate the greatest common divisor of 44 and p.
22
Suppose -12 = -2*t - 2*i, 0 = 5*t - 3*t - 3*i - 17. Suppose 11*o - 100 = t*o. Let b = -10 + o. Calculate the highest common factor of b and 6.
3
Suppose 0 = 19*s - 548 - 1675. What is the greatest common divisor of 9 and s?
9
Let s(v) = v**2 + 11*v - 7. Let m be s(-5). Let x = 79 + m. What is the highest common divisor of 21 and x?
21
Let r(k) = k**3 - 3*k**2 + 5*k - 43. Let s be r(5). Calculate the highest common divisor of 112 and s.
16
Let l = 154 + 294. Calculate the greatest common divisor of 16 and l.
16
Let h(s) = -s**2 - 5*s + 7. Let t be 4 - 13 - 16/(-4). Let a be h(t). Calculate the greatest common divisor of a and 35.
7
Suppose 27*g - 32*g + 10 = 0. Calculate the greatest common divisor of 17 and g.
1
Let z = -29 + 29. Suppose 6*q - 5*q = z. Suppose q*c + c = 55. What is the highest common factor of c and 22?
11
Suppose -z = 5*d - 2*z - 90, 3*z = 0. Calculate the greatest common divisor of 54 and d.
18
Let k be (160/(-24) + 6)/((-2)/2553). Calculate the highest common factor of 74 and k.
37
Let n = 9 + -13. Let x be 2/(-3)*18/n. Suppose q - 28 = -x*q. Calculate the highest common divisor of 77 and q.
7
Let l(r) = r + 64. Let k be l(-8). Calculate the greatest common factor of 96 and k.
8
Suppose 4*m = -2*k + 974, 3*k + 13*m - 10*m - 1446 = 0. What is the greatest common divisor of 9 and k?
9
Suppose -32 - 18 = -5*v. Let n be 216/v*(9 - 4). Calculate the highest common divisor of n and 12.
12
Let x = 5448 + -3327. What is the highest common divisor of 42 and x?
21
Let i be 51 + 2 - -1 - -3. Let p = -36 + i. Let d = 52 + -49. What is the greatest common divisor of d and p?
3
Suppose 4*u + 147 - 179 = 0. Calculate the highest common factor of 5 and u.
1
Suppose 30 = -29*n + 32*n - 4*w, -n - w + 17 = 0. Calculate the highest common factor of n and 378.
14
Suppose 8*s + 351 = 1671. What is the highest common factor of s and 105?
15
Suppose q = g - 6, 0*g - 12 = -5*g - q. Suppose 0 = -3*l + y + 3*y - 35, -g*y - 3 = 0. Let b = -2 - l. What is the highest common divisor of b and 1?
1
Suppose 1032 = 126*x - 118*x. Calculate the greatest common factor of 27 and x.
3
Let n be 1/(4/(-126))*(-120)/35. Suppose -12*b + n = -0. Calculate the greatest common factor of 12 and b.
3
Let r = 551 - 526. Suppose 5*k = -5*m + 25, 0*m = 2*m + 10. What is the greatest common divisor of r and k?
5
Let t be (16/(-2) - 3)*-2. Let c = -36 + t. Let x be 5405/35 + 6/c. Calculate the greatest common divisor of 22 and x.
22
Let x = 70 + -25. Let y be 5/(x/6)*3. Let v = -382 + 386. Calculate the greatest common factor of y and v.
2
Suppose -15 = -13*z + 102. Calculate the highest common divisor of z and 75.
3
Let j be 15/30 - 66/(-4). Suppose -x + 16 = -j. Suppose 5*c = 6*c - 22. Calculate the highest common factor of x and c.
11
Let t(q) = -q**3 - 3*q**2 - 2*q. Let w be t(-6). Calculate the highest common factor of 140 and w.
20
Let j be (10 + -58)/((-3)/(-12)*-6). Calculate the greatest common factor of j and 34.
2
Let x be (-6)/3 + 2/(-2) + -5. Let d(j) = 2*j**2 - j**2 + 2*j + 5*j + 5. Let y be d(x). What is the greatest common factor of 39 and y?
13
Let h(m) = -m**3 - 18*m**2 - 20*m - 17. Let l be h(-16). Let q be (-17)/68 - l/4. Calculate the highest common divisor of 39 and q.
13
Let l = -135 + 149. Calculate the greatest common divisor of l and 266.
14
Suppose 612 = -10*p + 19*p. What is the highest common factor of 646 and p?
34
Let n(r) = 11*r**2 + r. Let p be n(-1). Let m = 15 - 10. Calculate the greatest common divisor of p and m.
5
Suppose -t - 3*m = -1176, 6*t - 5*t - m = 1160. What is the highest common divisor of t and 12?
12
Suppose 4*h - 320 = 5*b - 2*b, -b - 240 = -3*h. Calculate the greatest common divisor of 3600 and h.
80
Let k = 986 + -833. Calculate the greatest common divisor of k and 68.
17
Suppose 12*z - 134 - 634 = 0. Suppose 3*r = r + 16. Calculate the highest common divisor of z and r.
8
Suppose 3*u = o - 65, -2*o - 105 = -4*o + u. What is the greatest common factor of 70 and o?
10
Let b = -1875 - -1929. What is the greatest common divisor of 126 and b?
18
Let y(l) = l**3 + 2*l - 4. Let h be y(4). Let r = -250 + 284. Calculate the highest common divisor of r and h.
34
Let d = 40 + 103. Calculate the greatest common factor of d and 13.
13
Suppose -150 = 11*u - 13*u. What is the greatest common divisor of 15 and u?
15
Let i = -62 + 132. Calculate the highest common factor of 630 and i.
70
Let t be (-2)/4 + ((-3)/(-2) - 1). Suppose 0 = -t*i + i - 48. What is the greatest common divisor of 32 and i?
16
Let o be (11/(-44))/(2/(-232)). What is the highest common divisor of 87 and o?
29
Let h = 10 + -6. Suppose 41*i - 3*g = 42*i - 41, 2*i - 3*g - 55 = 0. What is the highest common factor of h and i?
4
Suppose p = -73 + 103. Calculate the highest common factor of 165 and p.
15
Suppose -5 = 3*n - 5*r, -5*n + r + 0*r = 1. Suppose -5*p - 103 = -3*o, 4*o + 10*p - 5*p - 149 = n. What is the highest common factor of o and 24?
12
Let t be -14*(-2)/3*(-15)/(-20). What is the highest common divisor of 203 and t?
7
Suppose -4*a + 5*x = 2, -a - x + 7 = -6*x. Let o = 25 + a. What is the highest common divisor of o and 22?
22
Let f be (-14)/4*2 + -2 + 4. Let g(i) = -i - 47. Let b be g(0). Let s be b/f + 12/(-30). What is the highest common divisor of s and 36?
9
Let n be 2*-2*(-57)/38 + 1039. What is the highest common divisor of n and 76?
19
Suppose 3 = 647*w - 644*w. Calculate the highest common divisor of w and 21.
1
Let k be (-48)/32 + (-1)/((-4)/274). Suppose -3*v + 3*d + 57 = 0, 0 = 4*v + 4*d + d - k. Calculate the highest common divisor of v and 12.
6
Let z = 142 - 46. Suppose 2*n + n = z. Suppose -o + 0*a = -4*a - 24, 2*a + n = 3*o. What is the highest common factor of 56 and o?
8
Let j(g) = 3*g - 43. Let b be j(29). What is the highest common factor of 121 and b?
11
Let l = -119 + 123. Suppose -22*k - l = -23*k. What is the highest common factor of k and 2?
2
Let f be 183/4 + (-7)/(-56)*-6. What is t